emainder when 388 is divided by 10.
8
Calculate the remainder when 2719 is divided by 32.
31
What is the remainder when 81 is divided by 62?
19
Calculate the remainder when 88 is divided by 88.
0
Calculate the remainder when 2264 is divided by 54.
50
What is the remainder when 274 is divided by 120?
34
Calculate the remainder when 2839 is divided by 2838.
1
What is the remainder when 1672 is divided by 112?
104
What is the remainder when 98 is divided by 39?
20
What is the remainder when 922 is divided by 29?
23
Calculate the remainder when 119813 is divided by 136.
133
Calculate the remainder when 506 is divided by 20.
6
What is the remainder when 1003 is divided by 67?
65
What is the remainder when 367 is divided by 16?
15
What is the remainder when 325 is divided by 315?
10
What is the remainder when 231 is divided by 29?
28
Calculate the remainder when 7523 is divided by 25.
23
Calculate the remainder when 71 is divided by 18.
17
Calculate the remainder when 878 is divided by 9.
5
What is the remainder when 118 is divided by 65?
53
Calculate the remainder when 180 is divided by 25.
5
What is the remainder when 7081 is divided by 46?
43
Calculate the remainder when 280 is divided by 6.
4
Calculate the remainder when 182 is divided by 38.
30
What is the remainder when 49 is divided by 15?
4
Calculate the remainder when 1934 is divided by 13.
10
What is the remainder when 167 is divided by 24?
23
Calculate the remainder when 48297 is divided by 138.
135
What is the remainder when 404 is divided by 135?
134
Calculate the remainder when 195 is divided by 95.
5
What is the remainder when 2087 is divided by 72?
71
Calculate the remainder when 406 is divided by 89.
50
What is the remainder when 7559 is divided by 199?
196
What is the remainder when 307 is divided by 53?
42
What is the remainder when 249 is divided by 63?
60
Calculate the remainder when 546 is divided by 111.
102
Calculate the remainder when 1556 is divided by 78.
74
Calculate the remainder when 338 is divided by 31.
28
Calculate the remainder when 8 is divided by 5.
3
What is the remainder when 130 is divided by 121?
9
What is the remainder when 29 is divided by 4?
1
Calculate the remainder when 643 is divided by 23.
22
What is the remainder when 1270 is divided by 12?
10
Calculate the remainder when 751 is divided by 108.
103
Calculate the remainder when 255 is divided by 56.
31
Calculate the remainder when 496 is divided by 74.
52
What is the remainder when 119 is divided by 26?
15
What is the remainder when 51 is divided by 15?
6
What is the remainder when 192 is divided by 67?
58
Calculate the remainder when 76 is divided by 35.
6
What is the remainder when 4969 is divided by 142?
141
Calculate the remainder when 240 is divided by 61.
57
Calculate the remainder when 246 is divided by 18.
12
What is the remainder when 361 is divided by 23?
16
Calculate the remainder when 3555 is divided by 6.
3
What is the remainder when 131 is divided by 28?
19
Calculate the remainder when 246 is divided by 31.
29
Calculate the remainder when 1015 is divided by 168.
7
What is the remainder when 365 is divided by 9?
5
Calculate the remainder when 15 is divided by 9.
6
Calculate the remainder when 3106 is divided by 1035.
1
What is the remainder when 375 is divided by 125?
0
What is the remainder when 458 is divided by 66?
62
Calculate the remainder when 743 is divided by 152.
135
What is the remainder when 1199 is divided by 30?
29
Calculate the remainder when 283 is divided by 57.
55
Calculate the remainder when 36 is divided by 22.
14
What is the remainder when 115 is divided by 23?
0
Calculate the remainder when 418 is divided by 135.
13
Calculate the remainder when 676 is divided by 68.
64
Calculate the remainder when 387 is divided by 39.
36
Calculate the remainder when 66 is divided by 22.
0
What is the remainder when 105 is divided by 18?
15
What is the remainder when 1261 is divided by 250?
11
Calculate the remainder when 205 is divided by 53.
46
What is the remainder when 237 is divided by 65?
42
Calculate the remainder when 1182 is divided by 148.
146
What is the remainder when 50 is divided by 40?
10
Calculate the remainder when 228 is divided by 52.
20
Calculate the remainder when 941 is divided by 63.
59
Calculate the remainder when 352 is divided by 139.
74
What is the remainder when 719 is divided by 6?
5
What is the remainder when 3298 is divided by 30?
28
Calculate the remainder when 18 is divided by 9.
0
Calculate the remainder when 879 is divided by 6.
3
What is the remainder when 4318 is divided by 96?
94
Calculate the remainder when 7596 is divided by 2526.
18
Calculate the remainder when 1008 is divided by 103.
81
What is the remainder when 285 is divided by 75?
60
What is the remainder when 1344 is divided by 448?
0
Calculate the remainder when 2442 is divided by 18.
12
Calculate the remainder when 103 is divided by 63.
40
What is the remainder when 35 is divided by 13?
9
Calculate the remainder when 706 is divided by 28.
6
What is the remainder when 326 is divided by 82?
80
Calculate the remainder when 3393 is divided by 170.
163
What is the remainder when 5504 is divided by 2748?
8
What is the remainder when 1890 is divided by 43?
41
Calculate the remainder when 159 is divided by 35.
19
Calculate the remainder when 247 is divided by 84.
79
What is the remainder when 79 is divided by 64?
15
Calculate the remainder when 2077 is divided by 208.
205
Calculate the remainder when 1040 is divided by 37.
4
Calculate the remainder when 180 is divided by 14.
12
What is the remainder when 895 is divided by 32?
31
What is the remainder when 117 is divided by 25?
17
What is the remainder when 305 is divided by 28?
25
What is the remainder when 81 is divided by 25?
6
What is the remainder when 1547 is divided by 262?
237
What is the remainder when 769 is divided by 123?
31
Calculate the remainder when 1182 is divided by 29.
22
What is the remainder when 9857 is divided by 17?
14
Calculate the remainder when 285 is divided by 220.
65
What is the remainder when 921 is divided by 3?
0
What is the remainder when 250 is divided by 72?
34
Calculate the remainder when 632 is divided by 76.
24
Calculate the remainder when 440 is divided by 409.
31
Calculate the remainder when 257 is divided by 77.
26
Calculate the remainder when 2123 is divided by 71.
64
What is the remainder when 150 is divided by 50?
0
What is the remainder when 198 is divided by 12?
6
What is the remainder when 469 is divided by 2?
1
Calculate the remainder when 333 is divided by 67.
65
What is the remainder when 70 is divided by 25?
20
What is the remainder when 198 is divided by 108?
90
Calculate the remainder when 459 is divided by 33.
30
What is the remainder when 242 is divided by 61?
59
What is the remainder when 5173 is divided by 75?
73
Calculate the remainder when 3610 is divided by 13.
9
What is the remainder when 196 is divided by 42?
28
What is the remainder when 849 is divided by 206?
25
Calculate the remainder when 1127 is divided by 14.
7
What is the remainder when 247 is divided by 26?
13
Calculate the remainder when 1099 is divided by 58.
55
Calculate the remainder when 8463 is divided by 46.
45
What is the remainder when 715 is divided by 56?
43
Calculate the remainder when 1290 is divided by 321.
6
Calculate the remainder when 50 is divided by 27.
23
Calculate the remainder when 188 is divided by 38.
36
Calculate the remainder when 20 is divided by 8.
4
What is the remainder when 260 is divided by 77?
29
Calculate the remainder when 87 is divided by 47.
40
What is the remainder when 312 is divided by 35?
32
What is the remainder when 2342 is divided by 131?
115
What is the remainder when 9759 is divided by 16?
15
Calculate the remainder when 318 is divided by 53.
0
Calculate the remainder when 547 is divided by 89.
13
What is the remainder when 24989 is divided by 34?
33
What is the remainder when 78 is divided by 31?
16
Calculate the remainder when 838 is divided by 28.
26
What is the remainder when 299 is divided by 47?
17
Calculate the remainder when 1213 is divided by 97.
49
What is the remainder when 583 is divided by 188?
19
What is the remainder when 424 is divided by 29?
18
Calculate the re